z be (-502)/k - (-4)/c. What is the highest common divisor of z and 9?
9
Suppose -q - 5*p + 46 = 0, q = 2*q + p - 54. Let c = 9 + -2. Calculate the highest common factor of c and q.
7
Let f(v) = 2*v**2 - 1. Let o be f(1). Suppose -1 = u - 9. What is the highest common factor of o and u?
1
Let j = 122 + 22. Let s be 1/(-4) - (-130)/8. Suppose 3*i = 2*i + s. Calculate the greatest common divisor of i and j.
16
Let t(j) = j**3 + j**2 + 2*j + 2. Let z be t(3). Let r(i) = i - 4. Let u be r(-3). Let n = -3 - u. What is the highest common divisor of n and z?
4
Suppose -149 = -3*j - 11. Suppose -j - 34 = -4*q. What is the highest common divisor of 100 and q?
20
Let t = 178 - 159. Calculate the greatest common factor of t and 19.
19
Let g(w) = 6*w - 34. Let k be g(13). Calculate the highest common divisor of k and 44.
44
Let x = -3 + 2. Let v be -1 - 1*(-6 - x). Suppose 0*g - 2*g + 4*z = -16, -v*g - 2*z = -52. Calculate the greatest common divisor of 12 and g.
12
Let y(a) = -a**3 + 8*a**2 - 3. Let n be y(7). Let w = -26 + n. Suppose 0*x - h = 5*x - 252, 8 = 4*h. What is the greatest common factor of w and x?
10
Let s = 61 + -57. Calculate the greatest common divisor of 52 and s.
4
Suppose -3 - 2 = 5*s. Let p = -3 + 4. Let q be p + 2*(s - -2). What is the greatest common divisor of q and 3?
3
Let y(d) = -d**2 + 16*d - 9. Let l be y(16). Let n = l + 18. What is the greatest common factor of n and 9?
9
Suppose 7 = r - 0*r. What is the greatest common factor of r and 28?
7
Let n(b) = -2*b + 0*b - 4*b. Let c be n(-1). Suppose -3*y + 6*y - 342 = -5*g, -2*g + 128 = -y. What is the greatest common divisor of g and c?
6
Suppose -6*q + 5*a = -q - 380, 0 = 2*a + 2. What is the greatest common factor of 25 and q?
25
Suppose -3*f + 6 = -21. Let m be -6*(-3)/(f/(-8)). Let d be (m/(-20))/(4/10). Calculate the highest common factor of 5 and d.
1
Let m be (2 + -1)/(7/(-14)). Let h be 79*1/1 + m. What is the greatest common divisor of 7 and h?
7
Let c be 117/5 + (-18)/(-30). What is the greatest common divisor of 96 and c?
24
Suppose 0 = -q - 3*q + 4. Let c be -9*q/(6/(-4)). Let n(l) = -l**3 - l**2 + 3. Let v be n(0). What is the greatest common factor of c and v?
3
Suppose 2*n + 4*g = 7*g + 276, n - g - 137 = 0. Calculate the greatest common divisor of 15 and n.
15
Suppose 13*t = -11*t + 240. Calculate the greatest common divisor of 20 and t.
10
Let j be 9*(-2 - -2 - -11). Calculate the greatest common factor of 11 and j.
11
Let d(a) = -a + 16. Let h be d(-4). What is the greatest common divisor of 15 and h?
5
Let b = 86 - 54. What is the greatest common divisor of b and 16?
16
Let q be 0 + -1 - (-14 + 0). Let z = q + -11. What is the highest common divisor of z and 4?
2
Suppose -1479 = -4*x - 199. Suppose -q = 5, 0*d + q = 5*d - x. Calculate the greatest common divisor of d and 42.
21
Let x(h) = -h + 8. Let f(m) = m + 17. Let w be f(0). Suppose -5*l - r = -4*l + w, -4*r - 8 = -l. Let q be x(l). What is the highest common divisor of q and 140?
20
Let p = -1 + 19. What is the greatest common factor of 12 and p?
6
Suppose -1372 = 2*y - 9*y. Calculate the highest common factor of 14 and y.
14
Let n = -5 + 8. Suppose 0 = -r - 3*r + 108. Calculate the highest common divisor of n and r.
3
Let a = -15 - -87. What is the highest common factor of 24 and a?
24
Suppose -5*l + y + 6 = -2*y, 0 = l - 4*y + 9. Suppose -40 = -8*r + l*r. Calculate the highest common divisor of 8 and r.
8
Let i be 0/((6/(-3))/(-2)). Suppose 0 = 5*s + 4*g - 72, -4*s + 0*s - g + 51 = i. Calculate the highest common divisor of 60 and s.
12
Suppose 0 = f - 13 - 3. Let h be (-7)/28 - (-50)/8. Let x be ((-256)/h)/(3/(-9)). Calculate the greatest common factor of x and f.
16
Let y(p) = -p + 1. Let f(n) = 4*n - 8. Let q(g) = f(g) + 2*y(g). Let u be q(8). What is the highest common factor of 110 and u?
10
Let a be (-2)/7 - (-120)/28. Let k be 14/(-8)*a*1. Let n be k/(-1) + (-2 - 0). What is the highest common divisor of n and 20?
5
Let h be (-10 + 0)/(1 + -2). Let s = 242 + -237. Calculate the greatest common factor of h and s.
5
Suppose 9*x = -3*w + 4*x + 581, -3*x = 4*w - 760. What is the greatest common factor of w and 17?
17
Let x(v) = 4*v**2 - 4*v**2 - 3*v + 2 + v**2. Let m be x(-9). Let b(i) = 10*i + 4. Let g be b(4). Calculate the highest common factor of m and g.
22
Let y(j) = 12*j + 8. Let h be y(6). Let i(m) = 4*m - 20. Let s be i(13). What is the greatest common divisor of s and h?
16
Suppose 2*d - 3*d + 2 = m, 4*m - 20 = -d. Calculate the highest common divisor of 54 and m.
6
Suppose 0 = 4*f + 4, -3 = -5*u - f + 31. Suppose -2*m = -i + 5*i - 154, 5*m - 385 = -3*i. Calculate the greatest common factor of m and u.
7
Let p be (-2)/4*(-6 - -8) + 37. Calculate the highest common divisor of p and 12.
12
Let r be (-4)/(-2) - 6/(-2). Let g be 2/r + 396/10. Let v be g/(-6)*(1 + -4). What is the highest common divisor of 10 and v?
10
Suppose -3*y + 6*y + 27 = 0. Let p = 1 - y. Calculate the greatest common divisor of 40 and p.
10
Let c be (150/4)/(15/20). Let a(q) = -q**2 + 10*q - 1. Let z be (-52)/(-8) - (-4)/8. Let l be a(z). Calculate the highest common divisor of l and c.
10
Suppose -2*g = -q + 82, -9*g + 124 = 2*q - 5*g. Suppose 4*l + 3*b - q = 7*b, -4*l + 5*b = -73. Calculate the greatest common factor of l and 136.
17
Suppose -5*b = -2*b - 33. Let z be 80/(-3)*(b - 17). Calculate the highest common factor of 20 and z.
20
Let i(r) = r**3 - 18*r**2 - 9*r - 10. Let o be i(19). Calculate the greatest common divisor of 20 and o.
20
Let k = 165 + -120. What is the greatest common factor of 9 and k?
9
Let n = 31 - 25. What is the highest common factor of 54 and n?
6
Let i be 22/6 - (-34)/102. Calculate the greatest common factor of i and 20.
4
Let g = -8 - -17. Suppose -x + g = -2. Suppose a - x - 8 = 0. Calculate the greatest common factor of 95 and a.
19
Let s(t) = t**2 - 5*t + 7. Suppose 0*v - 2*v + 10 = 0. Let o be s(v). What is the greatest common factor of o and 77?
7
Let s be ((-1)/(-3))/((-3)/(-54)). Let n be (0 + s)*6/36. What is the greatest common divisor of 5 and n?
1
Let a = 57 - 17. Calculate the greatest common factor of 10 and a.
10
Let u(w) = w**2 + w + 2. Let t be u(2). Suppose 52 = 5*l + 4*p, 3*l + 6*p - p = 39. Calculate the highest common factor of l and t.
8
Let h be (-1)/(-2) - (-845)/10. Let s = 8 + 9. Calculate the greatest common factor of s and h.
17
Let d(z) = -6*z - 6. Let v(u) = u + 5. Let m be v(-10). Let g be d(m). Let k = 27 + -11. Calculate the greatest common factor of g and k.
8
Let i(n) = -n**3 + 16*n**2 + 9. Let j be i(16). What is the highest common divisor of j and 27?
9
Let g be 13/4 + 2/(-8). Let p(i) = 6*i**2 + 2*i - 4. Let h be p(2). Calculate the greatest common factor of g and h.
3
Let w = 4 + -2. Suppose 0*g - w*g + 102 = 0. Calculate the greatest common factor of g and 17.
17
Let p be (-4)/(-7) - 73/(-7). Calculate the greatest common divisor of p and 1.
1
Suppose -22 = j - 3*j + 4*i, 2*i = -j - 5. Let h be (-23)/(-3) + 1/j. Calculate the highest common factor of 20 and h.
4
Let s(t) = -14*t**3 + t**2 - t - 1. Let j be s(-1). Suppose 0 = -2*f + 5*f - 180. Let h be f/(-2)*(-3)/2. What is the greatest common factor of j and h?
15
Let d be 4/(-24) + (-49)/(-6). Let c = -12 + d. Let y be 9*(c/(-3) - 0). What is the highest common factor of 84 and y?
12
Let v(c) = 3*c**2 + c**3 + 6*c**2 + 5 + 4 + 9*c. Let z be v(-7). Calculate the greatest common divisor of z and 4.
4
Suppose 7 + 53 = 6*n. Calculate the greatest common divisor of n and 80.
10
Let z(p) = p**3 - 5*p**2 + 3*p + 3. Let c be z(4). Let g be 0*c/3 - 0. Suppose g*t + y = t - 6, -5*t - y = -18. What is the greatest common divisor of 2 and t?
2
Let n = -8 + 4. Let c be 2/2 + (-2 - -11). Let w = n + c. What is the highest common divisor of w and 54?
6
Suppose -8*f + 232 = 24. What is the highest common divisor of f and 2?
2
Let h(z) = 10*z**2 - 1. Let d(v) = -v**2 + 6*v + 1. Let a be d(6). Let u be h(a). Let i be (2 + u/(-6))*34. Calculate the greatest common divisor of i and 187.
17
Let i(q) = 5*q**2 - q. Let z be i(1). Let w = 1 + z. Let k = 0 + w. What is the highest common divisor of k and 40?
5
Let h be -4*(-1)/(-8)*-10. What is the greatest common factor of 20 and h?
5
Suppose 7 = k + 3, -5*k - 76 = -